ivisor of 112761 and 755157.
3417
Calculate the highest common factor of 4642 and 39314.
22
Calculate the highest common divisor of 141084 and 6030.
18
Calculate the highest common divisor of 31376 and 93731878.
3922
Calculate the highest common divisor of 2662010 and 3090.
10
What is the greatest common factor of 2691 and 27238003?
299
Calculate the greatest common factor of 24 and 1289392080.
24
Calculate the greatest common factor of 63 and 177103863.
9
What is the greatest common factor of 3504845 and 3435?
1145
Calculate the highest common factor of 6272 and 1710464.
896
What is the greatest common factor of 12555969 and 4506?
2253
Calculate the greatest common divisor of 1872030 and 65.
5
What is the highest common divisor of 135594186 and 217?
217
Calculate the greatest common factor of 35173378 and 4610.
922
What is the highest common factor of 89366402 and 3585?
239
Calculate the greatest common divisor of 60966 and 7122.
6
What is the highest common factor of 45744313 and 496?
31
What is the greatest common divisor of 4 and 141586296?
4
What is the greatest common factor of 7773735 and 180?
15
Calculate the highest common factor of 2593766 and 155036.
686
Calculate the greatest common factor of 598 and 55487822.
598
What is the highest common divisor of 41 and 4606123926?
41
Calculate the highest common divisor of 50675328 and 2816.
1408
What is the greatest common divisor of 3 and 461062686?
3
What is the highest common factor of 318 and 211992?
6
Calculate the greatest common factor of 1512 and 3101868.
756
Calculate the highest common divisor of 155 and 14501645.
155
Calculate the greatest common factor of 921664 and 640.
64
Calculate the highest common divisor of 80444403 and 117.
117
Calculate the highest common divisor of 30012 and 567276.
492
What is the highest common factor of 2250717 and 5673?
183
Calculate the greatest common factor of 435390 and 320.
10
What is the highest common factor of 153 and 6294369?
51
Calculate the highest common factor of 23 and 510403.
1
Calculate the highest common factor of 417774 and 767340.
8526
Calculate the greatest common factor of 4941 and 332333307.
1647
What is the highest common factor of 126470274 and 63?
21
What is the highest common factor of 890 and 25523776?
178
Calculate the greatest common factor of 1546156 and 5624.
148
What is the greatest common divisor of 407 and 1310848?
11
Calculate the greatest common divisor of 283363 and 13342177.
6029
What is the greatest common factor of 3425 and 762360475?
3425
Calculate the highest common factor of 1615 and 3473485.
95
What is the highest common factor of 39578 and 37840?
22
What is the highest common divisor of 10662 and 91741179?
5331
Calculate the highest common factor of 14308593 and 12489.
543
What is the greatest common factor of 11943904 and 3472?
112
Calculate the greatest common factor of 18051 and 3823530.
1641
Calculate the greatest common factor of 510 and 207434442.
102
What is the highest common divisor of 62294286 and 1839?
1839
What is the greatest common factor of 23016 and 85302?
42
Calculate the highest common factor of 2490822 and 180.
18
What is the highest common factor of 33 and 84027999?
33
What is the highest common factor of 329550 and 23790?
390
What is the greatest common divisor of 1187094 and 279204?
318
What is the greatest common factor of 30114327 and 21666?
471
Calculate the highest common divisor of 1296 and 5144688.
432
What is the greatest common factor of 26678598 and 6?
6
Calculate the greatest common divisor of 185 and 14160.
5
Calculate the highest common divisor of 1476 and 4056768.
36
What is the highest common factor of 437136 and 3282423?
3903
What is the greatest common factor of 55433 and 83?
1
What is the greatest common divisor of 1692 and 18024354?
18
Calculate the highest common factor of 7835761 and 8561.
1223
Calculate the greatest common divisor of 160 and 1881551520.
160
What is the greatest common divisor of 130283328 and 960?
192
What is the highest common divisor of 115 and 55143995?
115
Calculate the highest common factor of 9392222 and 4063.
239
What is the highest common factor of 528 and 6622473?
33
Calculate the highest common factor of 36 and 147425868.
36
Calculate the greatest common divisor of 9713958 and 2136285.
4911
What is the greatest common divisor of 126614 and 1474882?
3422
Calculate the greatest common factor of 7922 and 45812926.
7922
What is the highest common divisor of 405583 and 407256?
239
What is the highest common factor of 1277510 and 49569?
403
What is the greatest common divisor of 104415165 and 1539?
171
What is the greatest common factor of 2889775 and 1029?
343
Calculate the greatest common divisor of 42 and 400420720.
14
What is the highest common divisor of 783825 and 31363451?
10451
What is the greatest common factor of 12325680 and 2945?
95
What is the greatest common divisor of 202 and 27508461?
101
What is the highest common factor of 37517614 and 3275?
131
What is the greatest common divisor of 65 and 2214472?
13
Calculate the highest common divisor of 3122 and 8428.
14
Calculate the greatest common factor of 2363372 and 1216.
76
Calculate the greatest common divisor of 323 and 24257946.
323
What is the highest common divisor of 6740643 and 364?
91
Calculate the greatest common divisor of 4014 and 824878338.
1338
Calculate the highest common factor of 1055 and 42058208.
211
Calculate the greatest common divisor of 8742 and 9192306.
186
Calculate the greatest common divisor of 8082 and 1382148.
18
Calculate the greatest common divisor of 4372452 and 180.
36
Calculate the greatest common factor of 206958796 and 3212.
3212
What is the greatest common divisor of 856 and 340502783?
107
What is the greatest common factor of 10764 and 164468538?
5382
What is the greatest common divisor of 431221965 and 23705?
2155
What is the highest common factor of 6936064 and 961?
31
What is the greatest common factor of 5821 and 287?
1
What is the highest common factor of 18930488 and 136?
8
Calculate the greatest common divisor of 1105 and 46441603.
221
What is the highest common divisor of 2762320 and 159870?
730
Calculate the greatest common divisor of 802482 and 50086.
158
What is the highest common factor of 2318342 and 950?
38
What is the greatest common factor of 23346461 and 1511?
1511
Calculate the highest common divisor of 31067190 and 7.
7
What is the highest common divisor of 98873446 and 60543?
6727
What is the greatest common factor of 510990 and 87480?
30
Calculate the highest common factor of 41327 and 826397.
143
Calculate the highest common factor of 242134949 and 28265.
5653
What is the highest common divisor of 52464327 and 327169?
6173
Calculate the highest common divisor of 31 and 2785913146.
31
Calculate the greatest common divisor of 19209836 and 76.
76
Calculate the greatest common divisor of 58 and 45401269.
29
What is the greatest common divisor of 17823 and 237081?
39
What is the highest common divisor of 472875 and 1049250?
375
Calculate the highest common divisor of 9445 and 92610114.
1889
Calculate the highest common factor of 53398 and 40.
2
What is the greatest common factor of 427418 and 1786?
94
What is the greatest common factor of 49611815 and 2420?
605
Calculate the greatest common divisor of 170919660 and 1185.
1185
Calculate the highest common divisor of 41097148 and 1268.
1268
What is the greatest common factor of 415225 and 170561?
17
What is the greatest common divisor of 1186 and 13072685?
593
What is the greatest common factor of 11572 and 96775058?
526
What is the greatest common factor of 15081 and 390423?
33
What is the highest common factor of 1019616 and 757302?
1482
Calculate the highest common divisor of 3 and 1684609.
1
What is the greatest common divisor of 64653194 and 4552?
1138
What is the highest common factor of 90976 and 88715815?
2843
Calculate the greatest common divisor of 20738432 and 6776.
968
Calculate the greatest common factor of 110755 and 15215.
85
Calculate the greatest common factor of 92 and 305693.
23
Calculate the highest common factor of 27979 and 420827.
571
Calculate the greatest common factor of 2127 and 11901.
3
What is the highest common factor of 36 and 10292130?
18
What